{"id":486,"date":"2017-09-15T12:07:45","date_gmt":"2017-09-15T10:07:45","guid":{"rendered":"https:\/\/www.hypnose-koepenick.de\/?page_id=486"},"modified":"2017-09-15T12:07:45","modified_gmt":"2017-09-15T10:07:45","slug":"hypnose-depressionen-burnout","status":"publish","type":"page","link":"https:\/\/hypnose-koepenick.de\/?page_id=486","title":{"rendered":"Hypnose bei Depressionen und Burnout"},"content":{"rendered":"<p>Vor\u00fcbergehende depressive Verstimmungen auf Grund saisonaler Dunkelheit, tempor\u00e4rer Arbeitsbelastung oder emotionaler \u00dcberlastung kennt fast jeder aus eigener Erfahrung. Diese sind genauso ernst zu nehmen wie eine krankhafte Form der schweren endogenen oder neurotischen Depression.<\/p>\n<p>Oft folgt in der heutigen Zeit bei permanenter \u00dcberforderung das gef\u00fcrchtete Burnout &#8211; das Ausgebranntsein. Wie kann nun einem Burnout-Syndrom vorgebeugt und bei einer depressiven Phase therapeutisch geholfen werden? Welche Hilfestellung zur Selbsthilfe kann die Hypnosetherapie bieten? Die Hypnoanalyse kann hier effektiv helfen tief verwurzelte psychisch belastende Ursachen zu erkennen, zu verstehen, zu bew\u00e4ltigen und individuelle Belastungen aufarbeiten. Ich als Therapeutin verf\u00fcge mit der Hypnose \u00fcber eine wirksame Methode f\u00fcr schnelle Unterst\u00fctzung bei Depressionen. W\u00e4hrend der Trance ist man im k\u00f6rperlich entspannten und geistig wachen Zustand und mit dem Unterbewusstsein wird im Sinne der Klienten kommuniziert. Wenn gew\u00fcnscht  kann die Autosuggestion als eigenes Mittel zur weiteren Selbsthilfe bei Lebenskrisen erlernt werden.<\/p>\n<p>Alle M\u00f6glichkeiten der bei Depressionen effektiven Hypnose erschlie\u00dfen sich nach einem vertrauensvollen Vorgespr\u00e4ch. Meine Hypnosepraxis stellt eine diskrete und pers\u00f6nliche Anlaufstelle f\u00fcr Auswege bei Lebenskrisen und f\u00fcr das Umsetzen Ihrer Ziele dar. Der Vorteil von Hypnose ist, dass in wenigen Hypnosetherapie-Sitzungen depressive Phasen bew\u00e4ltigt werden k\u00f6nnen. Die Hypnose in Kombination mit neuer Einstellung zum Leben kann endlich hin zu einer sorgenfreieren Zukunft f\u00fchren. Hier in Berlin kann Ihnen in meiner Hypnosepraxis in der K\u00f6penicker Altstadt nachhaltig f\u00fcr K\u00f6rper, Seele und Geist mittels einer individuell abgestimmten Therapie geholfen werden. Sie werden gest\u00e4rkt und motiviert Ihr weiteres Leben selbstbestimmt in die Hand nehmen k\u00f6nnen &#8211; bis dahin begleite ich Sie gerne ein St\u00fcck.<\/p>\n","protected":false},"excerpt":{"rendered":"<p>Vor\u00fcbergehende depressive Verstimmungen auf Grund saisonaler Dunkelheit, tempor\u00e4rer Arbeitsbelastung oder emotionaler \u00dcberlastung kennt fast jeder aus eigener Erfahrung. Diese sind genauso ernst zu nehmen wie eine krankhafte Form der schweren endogenen oder neurotischen Depression. Oft folgt in der heutigen Zeit bei permanenter \u00dcberforderung das gef\u00fcrchtete Burnout &#8211; das Ausgebranntsein. Wie kann nun einem Burnout-Syndrom vorgebeugt &hellip; <a href=\"https:\/\/hypnose-koepenick.de\/?page_id=486\" class=\"more-link\">Continue reading<span class=\"screen-reader-text\"> &#8220;Hypnose bei Depressionen und Burnout&#8221;<\/span><\/a><\/p>\n","protected":false},"author":1,"featured_media":321,"parent":11,"menu_order":0,"comment_status":"closed","ping_status":"closed","template":"template\/page-leistungen.php","meta":{"footnotes":""},"class_list":["post-486","page","type-page","status-publish","has-post-thumbnail","hentry"],"_links":{"self":[{"href":"https:\/\/hypnose-koepenick.de\/index.php?rest_route=\/wp\/v2\/pages\/486","targetHints":{"allow":["GET"]}}],"collection":[{"href":"https:\/\/hypnose-koepenick.de\/index.php?rest_route=\/wp\/v2\/pages"}],"about":[{"href":"https:\/\/hypnose-koepenick.de\/index.php?rest_route=\/wp\/v2\/types\/page"}],"author":[{"embeddable":true,"href":"https:\/\/hypnose-koepenick.de\/index.php?rest_route=\/wp\/v2\/users\/1"}],"replies":[{"embeddable":true,"href":"https:\/\/hypnose-koepenick.de\/index.php?rest_route=%2Fwp%2Fv2%2Fcomments&post=486"}],"version-history":[{"count":0,"href":"https:\/\/hypnose-koepenick.de\/index.php?rest_route=\/wp\/v2\/pages\/486\/revisions"}],"up":[{"embeddable":true,"href":"https:\/\/hypnose-koepenick.de\/index.php?rest_route=\/wp\/v2\/pages\/11"}],"wp:featuredmedia":[{"embeddable":true,"href":"https:\/\/hypnose-koepenick.de\/index.php?rest_route=\/wp\/v2\/media\/321"}],"wp:attachment":[{"href":"https:\/\/hypnose-koepenick.de\/index.php?rest_route=%2Fwp%2Fv2%2Fmedia&parent=486"}],"curies":[{"name":"wp","href":"https:\/\/api.w.org\/{rel}","templated":true}]}}