{"id":545,"date":"2019-02-11T11:07:05","date_gmt":"2019-02-11T10:07:05","guid":{"rendered":"https:\/\/www.hypnose-koepenick.de\/?page_id=540"},"modified":"2019-11-27T05:29:45","modified_gmt":"2019-11-27T05:29:45","slug":"hypnose-zur-erfolgssteigerung","status":"publish","type":"page","link":"https:\/\/hypnose-koepenick.de\/?page_id=545","title":{"rendered":"Hypnose zur Erfolgssteigerung"},"content":{"rendered":"<h2>Erfolglos, egal was Sie auch anpacken?<\/h2>\n<p>St\u00e4ndig l\u00e4uft alles schief, es ist als ziehen Sie Pech geradezu an? Der Grund daf\u00fcr k\u00f6nnten unbewusste negative Glaubenss\u00e4tze sein, die, meist als Kind, unbewusst \u00fcbernommen wurden, vor allem z.B. von Eltern und Lehrern.<\/p>\n<p>Sagt der Vater z.B. \u201eGeld verdirbt den Charakter!\u201c und wir diesen Glaubenssatz (unbewusst) \u00fcbernehmen, hindert uns das Unterbewusstsein wohlhabend und reich zu werden. Denn nach diesem Glaubenssatz w\u00e4re es nicht nur schlecht, wohlhabend und reich zu sein, sondern wir h\u00e4tten vielleicht sogar unbewusst Angst vom Vater nicht mehr geliebt zu werden. Wir k\u00f6nnen uns noch so anstrengen und bem\u00fchen, es gelingt uns einfach nicht erfolgreich zu sein.<\/p>\n<p>Der negative Glaubenssatz wirkt verl\u00e4sslich, solange er nicht aufgel\u00f6st wird.<\/p>\n<p>Mit Hypnose sind solche Blockaden und negativen Glaubenss\u00e4tze sehr schnell und wirkungsvoll zu l\u00f6sen. Da wir in Hypnose den Zugang zum Unterbewusstsein haben, wo diese Glaubenss\u00e4tze abgespeichert sind, k\u00f6nnen sehr schnell diese Blockaden gel\u00f6st werden. Es ist als w\u00fcrde man die vorher angezogene Handbremse l\u00f6sen und das wahre Potential kann sich endlich frei entfalten.<\/p>\n<p>Machen Sie jetzt den ersten Schritt zu einem entspannten, erfolgreichen, selbstbewussten Leben und profitieren Sie von der wirksamen Methode der\u00a0<a href=\"https:\/\/hypnose-koepenick.de\/?page_id=9\">Hypnose<\/a>\u00a0in Berlin-K\u00f6penick. Lassen Sie uns ein St\u00fcck gemeinsam gehen und alten Wunden die M\u00f6glichkeit geben zu heilen. In meiner\u00a0<a href=\"https:\/\/www.hypnose-koepenick.de\/\">Hypnosepraxis in Berlin-K\u00f6penick<\/a>\u00a0kann Ihnen nachhaltig f\u00fcr K\u00f6rper, Seele und Geist mit Hypnosetherapie geholfen werden.<\/p>\n","protected":false},"excerpt":{"rendered":"<p>Erfolglos, egal was Sie auch anpacken? St\u00e4ndig l\u00e4uft alles schief, es ist als ziehen Sie Pech geradezu an? Der Grund daf\u00fcr k\u00f6nnten unbewusste negative Glaubenss\u00e4tze sein, die, meist als Kind, unbewusst \u00fcbernommen wurden, vor allem z.B. von Eltern und Lehrern. Sagt der Vater z.B. \u201eGeld verdirbt den Charakter!\u201c und wir diesen Glaubenssatz (unbewusst) \u00fcbernehmen, hindert &hellip; <a href=\"https:\/\/hypnose-koepenick.de\/?page_id=545\" class=\"more-link\">Continue reading<span class=\"screen-reader-text\"> &#8220;Hypnose zur Erfolgssteigerung&#8221;<\/span><\/a><\/p>\n","protected":false},"author":1,"featured_media":321,"parent":11,"menu_order":0,"comment_status":"closed","ping_status":"closed","template":"","meta":{"footnotes":""},"class_list":["post-545","page","type-page","status-publish","has-post-thumbnail","hentry"],"_links":{"self":[{"href":"https:\/\/hypnose-koepenick.de\/index.php?rest_route=\/wp\/v2\/pages\/545","targetHints":{"allow":["GET"]}}],"collection":[{"href":"https:\/\/hypnose-koepenick.de\/index.php?rest_route=\/wp\/v2\/pages"}],"about":[{"href":"https:\/\/hypnose-koepenick.de\/index.php?rest_route=\/wp\/v2\/types\/page"}],"author":[{"embeddable":true,"href":"https:\/\/hypnose-koepenick.de\/index.php?rest_route=\/wp\/v2\/users\/1"}],"replies":[{"embeddable":true,"href":"https:\/\/hypnose-koepenick.de\/index.php?rest_route=%2Fwp%2Fv2%2Fcomments&post=545"}],"version-history":[{"count":1,"href":"https:\/\/hypnose-koepenick.de\/index.php?rest_route=\/wp\/v2\/pages\/545\/revisions"}],"predecessor-version":[{"id":639,"href":"https:\/\/hypnose-koepenick.de\/index.php?rest_route=\/wp\/v2\/pages\/545\/revisions\/639"}],"up":[{"embeddable":true,"href":"https:\/\/hypnose-koepenick.de\/index.php?rest_route=\/wp\/v2\/pages\/11"}],"wp:featuredmedia":[{"embeddable":true,"href":"https:\/\/hypnose-koepenick.de\/index.php?rest_route=\/wp\/v2\/media\/321"}],"wp:attachment":[{"href":"https:\/\/hypnose-koepenick.de\/index.php?rest_route=%2Fwp%2Fv2%2Fmedia&parent=545"}],"curies":[{"name":"wp","href":"https:\/\/api.w.org\/{rel}","templated":true}]}}