{"id":7,"date":"2016-12-04T12:29:16","date_gmt":"2016-12-04T11:29:16","guid":{"rendered":"http:\/\/www.hypnose-koepenick.de\/?page_id=7"},"modified":"2025-12-24T08:25:56","modified_gmt":"2025-12-24T08:25:56","slug":"praxis","status":"publish","type":"page","link":"https:\/\/hypnose-koepenick.de\/?page_id=7","title":{"rendered":"Praxis"},"content":{"rendered":"<p>Die Praxis liegt im Berliner Bezirk Treptow-K\u00f6penick mitten im Herzen der mittelalterlichen Altstadt von K\u00f6penick.<\/p>\n<p>Mit ihrer Insellage und ihrer N\u00e4he zu Fl\u00fcssen, Wald und Seen ist die K\u00f6penicker Altstadt eines der beliebtesten Ausflugziele im s\u00fcdosten Berlins und die vielen Restaurants, Bars und Caf\u00e9s bieten Klienten eine willkommene M\u00f6glichkeit zur Einkehr.<\/p>\n<p>Vor allem bei sch\u00f6nem Wetter kann man nach einer gelungenen Sitzung mit einem sch\u00f6nen Spaziergang oder einer Bootsfahrt sich entspannen, erholen und reflektieren.<\/p>\n<p>Die Rosenstrasse f\u00e4ngt direkt am K\u00f6penicker Rathaus an, welches durch den &#8220;Hauptmann von K\u00f6penick&#8221; 1906 Ber\u00fchmtheit erlangte.<\/p>\n<p>Man kommt sowohl mit den \u00f6ffentlichen Verkehrsmitteln als auch mit dem Auto problemlos zur Praxis.<\/p>\n<p>Ein kostenpflichtiger Parkplatz (2\u20ac\/std.) ist direkt neben an.<\/p>\n<p>Erstgespr\u00e4ch und Sitzungen auch in Panketal m\u00f6glich. Sprechen Sie mich bitte an.<\/p>\n","protected":false},"excerpt":{"rendered":"<p>Die Praxis liegt im Berliner Bezirk Treptow-K\u00f6penick mitten im Herzen der mittelalterlichen Altstadt von K\u00f6penick. Mit ihrer Insellage und ihrer N\u00e4he zu Fl\u00fcssen, Wald und Seen ist die K\u00f6penicker Altstadt eines der beliebtesten Ausflugziele im s\u00fcdosten Berlins und die vielen Restaurants, Bars und Caf\u00e9s bieten Klienten eine willkommene M\u00f6glichkeit zur Einkehr. Vor allem bei sch\u00f6nem &hellip; <a href=\"https:\/\/hypnose-koepenick.de\/?page_id=7\" class=\"more-link\">Continue reading<span class=\"screen-reader-text\"> &#8220;Praxis&#8221;<\/span><\/a><\/p>\n","protected":false},"author":1,"featured_media":318,"parent":0,"menu_order":0,"comment_status":"closed","ping_status":"closed","template":"template\/page-praxis.php","meta":{"footnotes":""},"class_list":["post-7","page","type-page","status-publish","has-post-thumbnail","hentry"],"_links":{"self":[{"href":"https:\/\/hypnose-koepenick.de\/index.php?rest_route=\/wp\/v2\/pages\/7","targetHints":{"allow":["GET"]}}],"collection":[{"href":"https:\/\/hypnose-koepenick.de\/index.php?rest_route=\/wp\/v2\/pages"}],"about":[{"href":"https:\/\/hypnose-koepenick.de\/index.php?rest_route=\/wp\/v2\/types\/page"}],"author":[{"embeddable":true,"href":"https:\/\/hypnose-koepenick.de\/index.php?rest_route=\/wp\/v2\/users\/1"}],"replies":[{"embeddable":true,"href":"https:\/\/hypnose-koepenick.de\/index.php?rest_route=%2Fwp%2Fv2%2Fcomments&post=7"}],"version-history":[{"count":2,"href":"https:\/\/hypnose-koepenick.de\/index.php?rest_route=\/wp\/v2\/pages\/7\/revisions"}],"predecessor-version":[{"id":813,"href":"https:\/\/hypnose-koepenick.de\/index.php?rest_route=\/wp\/v2\/pages\/7\/revisions\/813"}],"wp:featuredmedia":[{"embeddable":true,"href":"https:\/\/hypnose-koepenick.de\/index.php?rest_route=\/wp\/v2\/media\/318"}],"wp:attachment":[{"href":"https:\/\/hypnose-koepenick.de\/index.php?rest_route=%2Fwp%2Fv2%2Fmedia&parent=7"}],"curies":[{"name":"wp","href":"https:\/\/api.w.org\/{rel}","templated":true}]}}